58. Calculate the highest common factor of a and 100.
25
Let w(g) = g**3 + 26*g**2 + 8*g - 8. Let z be w(-26). Let p be (30/45)/((-3)/z). What is the highest common divisor of p and 312?
24
Suppose 0 = -57*c + 47998 - 8725. Suppose -2*a = -131 + 25. Calculate the highest common factor of c and a.
53
Let n = -210 + 241. Suppose -n*q + 741 = -840. Let t = -21 + 55. What is the highest common divisor of t and q?
17
Let y(g) = 2*g**2 + 28*g + 29. Let v be y(-1). Let m(b) = 39*b - 111. Let n be m(v). What is the greatest common divisor of n and 21?
3
Let d be (-2)/(-2)*(-10 - -9)*41. Let s = d - -45. What is the highest common factor of s and 172?
4
Let l(f) be the second derivative of 5*f**3/3 - 33*f**2/2 - 63*f. Let q be l(6). What is the highest common divisor of q and 2?
1
Let f(d) = 2*d**2 - 15*d - 48. Let v be f(-4). What is the greatest common divisor of v and 143?
11
Let h(q) = 712*q**2 + 22*q + 449. Let j be h(-6). What is the greatest common divisor of 77 and j?
77
Let t = 1553 - 1528. What is the greatest common divisor of t and 205?
5
Suppose -10*d - 4605 = -13125. Let t = -605 + d. What is the highest common divisor of 39 and t?
13
Let m = -60 + 67. Suppose -5*o + 3*h = m*h - 15, -5*o = -3*h - 15. Suppose 0 = -4*z + 2*z + 12. What is the highest common factor of o and z?
3
Suppose -3*l + l + 156 = 0. Let q(b) = 2*b**2 - 27*b + 27. Let w be q(8). Let n = -55 - w. Calculate the highest common factor of l and n.
6
Let x = 9 - 8. Let i = 50 + -35. Let z be (x/((-9)/i))/(1/(-3)). Calculate the greatest common factor of z and 5.
5
Let a be (408/(-170))/(1/20*-3). Let k be 2014/21 - a/(-168). Calculate the highest common divisor of 128 and k.
32
Let v be 2 - ((27/(-9) - 2) + -284). What is the highest common factor of 6 and v?
3
Suppose -8*j = -17*j + 89*j - 321840. What is the greatest common divisor of j and 27?
27
Suppose -5*z - 3*h = -112 - 24, z - 16 = 5*h. Calculate the greatest common factor of 9607 and z.
13
Let l be (3 + (-237291)/46)/((-15)/50). Calculate the highest common divisor of l and 105.
35
Let v be 1591/4 - (20/(-16))/5. Let t = 716 - v. Suppose 2*l = -3*w + 393, -l - t - 350 = -5*w. Calculate the highest common factor of 19 and w.
19
Let f be (-48)/(-54)*(-29610)/(-280). Calculate the greatest common divisor of f and 8272.
94
Let u = 19 + -7. Let l(w) = -w**2 + 6*w + 69. Let n be l(u). Let m be 6/(-2 - -1)*n/2. Calculate the highest common divisor of 36 and m.
9
Suppose 1368 = -t + 3*t. Let g = 29743 + -29591. Calculate the highest common divisor of t and g.
76
Let l = -100 - -185. What is the greatest common factor of l and 527?
17
Let m(i) = 28*i + 660. Let h be m(-12). What is the highest common factor of 48 and h?
12
Let z(p) = 56*p - 125. Let m be z(4). Let n(x) = 3*x + 1. Let s be n(1). Suppose -s*j + 18 = -18. Calculate the highest common divisor of j and m.
9
Suppose -3*r + 1731 = 4*f - 255, -5*r + 2*f + 3336 = 0. Let s = -390 + r. Let h(u) = 4*u - 4. Let m be h(4). What is the highest common divisor of s and m?
12
Let x be 45/(-9) + (0 - -6). Suppose -3*w + 3 = -4*w + 5*p, 0 = p - 4. What is the highest common factor of x and w?
1
Suppose 32*n - 4508 = 15*n + 35612. What is the highest common factor of n and 80?
40
Suppose -9*y + 1020 = -14*y. Let p be 2/6 + y/(-9). Suppose 2*n - 175 = 239. What is the greatest common divisor of p and n?
23
Let b = 250 - 185. Calculate the highest common factor of 949 and b.
13
Let v = -14 - -575. Let o = -456 + v. What is the highest common factor of o and 28?
7
Let s be (-18 - -21)*20/(-3). Let a be ((-126)/105)/(6/s). What is the highest common factor of 6 and a?
2
Suppose 2396*i = 2364*i + 89056. What is the greatest common factor of 121 and i?
121
Suppose 5*b - 28 - 32 = 0. Let d(g) = 4*g**3 + 117*g**2 + 25*g - 5. Let v be d(-29). What is the highest common divisor of b and v?
3
Suppose -3*m + 2*k = -111, -2*m + 6*m - 5*k - 141 = 0. Let q be (-13)/((0 - -1)*(924/(-63))/44). Calculate the highest common factor of m and q.
39
Let i(d) = 6*d**3 + 707*d**2 - 132*d - 84. Let m be i(-118). What is the greatest common divisor of m and 3724?
196
Let p be ((-795)/(-9))/((-11)/(-33)). Suppose p = 5*z + 3*c + 9, -2*z + 2*c = -96. Calculate the highest common divisor of 800 and z.
50
Let h be 4*21/(-28)*14/6. Let l be (-49)/21*-48*(-6)/h. Suppose 0 = 4*x - x - 18. What is the greatest common divisor of l and x?
6
Suppose 3*z = 2 + 1, 4*o - 4319 = z. What is the greatest common divisor of o and 378?
54
Suppose -3*o - 5*p + 326 = -0*o, 3*p + 15 = 0. Calculate the highest common divisor of o and 603.
9
Let p be (35200/(-25))/(72/42 + -2). Calculate the greatest common divisor of 168 and p.
56
Let b(k) = 251 - 746 + 243 + 3*k + 231. Let h be -3*(-3 - 0/(-1)). Let d be b(h). Calculate the highest common factor of 9 and d.
3
Let w be 9 - (-24 + 38 - 30). Calculate the highest common factor of w and 1175.
25
Let h(o) = o**2 - 139*o + 103. Let b be h(-25). What is the highest common factor of 9 and b?
9
Suppose 4737 = 133*f - 2578. What is the highest common factor of f and 11?
11
Let n = 21312 + -21102. What is the greatest common divisor of 7455 and n?
105
Suppose -389376 = 83*d - 239*d. What is the highest common divisor of d and 390?
78
Let y = 11296 + -11288. Calculate the highest common factor of 5308 and y.
4
Let n(q) = -9*q**2 - 6*q**2 + 14 + 23*q**2 - 6*q**2. Let j be n(0). What is the greatest common divisor of j and 112?
14
Suppose 0 = 225*c - 270807 - 68895 - 91623. What is the greatest common divisor of c and 2769?
213
Suppose -2*m + 2*y - 22 = 0, -11*y + 149 = 36*m - 33*m. Let b be 3 + -3 + 1*2. Calculate the greatest common factor of m and b.
2
Suppose 16 = 4*m - 4. Suppose -m = -2*s + s. Suppose 4*h - x - 68 - 96 = 0, 0 = -2*h - 5*x + 60. Calculate the greatest common factor of h and s.
5
Suppose 2*d - 25 - 47 = 0. Let x be (-34)/(-9) - (-8)/d. Suppose -31*r = -38*r + 112. Calculate the highest common factor of r and x.
4
Suppose -1032*t + 1020*t + 2256 = 0. Calculate the greatest common divisor of t and 28.
4
Let s = 31 + -28. Suppose 0 = s*m - 2*m - 3. Let l be -7*((-61)/7 + m). What is the highest common divisor of l and 100?
20
Let s(q) = 106*q - 1150. Let i be s(11). What is the greatest common divisor of 1744 and i?
16
Let y be (-12)/9*((-9520)/7 - 8). What is the greatest common factor of y and 38?
38
Let y be 8/6*(-15)/(-2). Let f be (385/(-21) - 7)*(-1 - 26/4). What is the highest common divisor of f and y?
10
Suppose 0 = -5*o - 3520 + 4210. Let s be (-1)/(2/4) - -94. Suppose -c - 4*z + 138 = 2*c, 2*c = 2*z + s. What is the highest common factor of c and o?
46
Let a(b) = -b**3 + 25*b**2 - 25*b + 13. Let v be a(24). Let o(q) = q + 15. Let t be o(v). What is the highest common divisor of 4 and t?
4
Let g be (-146)/(-2) + (9 - 1). Suppose -g = 6*f - 591. Calculate the greatest common factor of 187 and f.
17
Suppose -7*m = -5*m - 44. Suppose 23*l = m*l + 2. Let q be (6/(-9))/(l/(-24)). Calculate the highest common factor of q and 16.
8
Suppose -7*f - 207 = 10. Let b = f + 47. Suppose -204 = -5*k + 196. What is the greatest common factor of b and k?
16
Let f be (5*1*-14)/((-1888)/(-59) - 34). Calculate the highest common divisor of f and 19845.
35
Let w = 155 + -60. Let i be (-1)/2 + -1 + w/10. What is the highest common divisor of 128 and i?
8
Let x(f) = 12*f**2 + 67*f - 94. Let g be x(15). What is the greatest common factor of g and 23?
23
Suppose -4*m = 0, 734 = 5*b + m - 3*m + 19. What is the highest common factor of 3432 and b?
143
Suppose 6055*t + 688 = 6056*t. Calculate the greatest common divisor of t and 4.
4
Suppose -8*b = -11*b - 3*z + 55047, -4*z + 4 = 0. What is the highest common factor of b and 66?
66
Let x be (-124)/(-5)*-1*(-210)/(-28). Let b = 196 + x. Calculate the greatest common factor of b and 5.
5
Let x(d) = -89*d**3 - 26*d**2 - 144*d - 21. Let f be x(-6). What is the greatest common divisor of f and 21?
21
Let m(l) = 12*l**2 - 1477*l + 156. Let q be m(123). Let t(x) = -x + 1. Suppose 0 = 4*k - 8*k - 8. Let i be t(k). What is the greatest common factor of i and q?
3
Suppose -10826*g = -10844*g + 147870. What is the highest common factor of g and 93?
31
Let v = 36 + -42. Let p be v/57 - (-46180)/95. Calculate the highest common divisor of 108 and p.